 u(-6).
0
Let h(f) be the first derivative of f**4/12 + 7*f**3/6 - 2*f**2 + 6*f + 10. Let q(y) be the first derivative of h(y). Let u = -3 + -5. Calculate q(u).
4
Let n(t) = 21*t - 202. Let m be n(10). Let y(i) = -2*i**2 + 19*i - 10. Give y(m).
14
Let p(g) = -g - 4. Let m be 20/5*(3 + -4). Let r be 187/(-77) + m/7. Calculate p(r).
-1
Suppose 5*s - s = -4. Let j(g) = 4*g**2 + 2*g + 1. Let l be j(s). Let p(r) = -2 + l*r**2 - 2*r + 9*r**2 - 10*r**2. Calculate p(-2).
10
Let f(p) = 3*p**2 + 2*p - 1. Let j(t) = t**2 + 16*t - 7. Let g = -58 + 41. Let o be j(g). Let s = o + -9. Give f(s).
4
Let c(o) = -o**3 + 5*o**2 + 7*o - 4. Let l(i) = i**3 - 9*i**2 + 8*i + 6. Let z be l(8). Suppose -q = -2*u - 3*q + z, 5*u - 2*q = 36. What is c(u)?
2
Let b(y) = y**2 + 6*y + 4. Let c(a) = -2*a**2 - 11*a - 5. Let h be c(0). What is b(h)?
-1
Let t = -3 + -1. Let s(z) = 2*z**3 - z**3 + 5*z**2 - 2 + z**2 - z**2 + 11*z. Let i(j) = -2*j**3 - 10*j**2 - 23*j + 5. Let u(c) = -6*i(c) - 13*s(c). Give u(t).
0
Let l be 2/(-1) - 120/(-20). Let m be (-168)/77 - l/(-22). Let f(t) = t**3 + t**2 - 2*t. Give f(m).
0
Let c(m) be the second derivative of -m**4/12 - m**3/2 + 11*m**2/2 + 13*m - 5. Determine c(-6).
-7
Let x(h) = -2*h - 3. Suppose -13*d + 83 = -47. Give x(d).
-23
Let l(i) = -i**2 + 10*i - 19. Let c be l(7). Suppose -c*r = 5*r. Let f(h) = -h**2 - 3*h + 3 - 6*h + 10*h. Give f(r).
3
Let s(m) = m**3 + 9*m**2 + m - 3. Let v(i) = i**3 - 43*i**2 - 45*i + 35. Let q be v(44). What is s(q)?
-12
Let b(h) = -h - 2 + 0*h + 0. Let q(s) = -s**2 + 14*s + 26. Let v be q(16). Let i be (v/(-4))/(6/(-12)) + 3. Calculate b(i).
-2
Let p(o) = -o. Let k(y) = 7*y + 4. Let m(d) = k(d) + 5*p(d). Suppose v = 1 - 5. Determine m(v).
-4
Let q(w) = -9*w + 1. Let k be 2 + 5 + (-4 - 0) + -3. Let n be 1 + -2 - -2 - k/(-33). Calculate q(n).
-8
Let h(j) = -20*j - 7. Let m(i) = 17*i + 5. Let a(s) = 6*h(s) + 7*m(s). Determine a(-8).
1
Let s(v) be the first derivative of 3*v**4/4 - 2*v**3/3 + v + 1. Suppose -3*o + 19 = 4*h, -5*h + 86 = -o + 67. Calculate s(o).
2
Let h(a) = 2*a + 9. Let z(f) = 16*f - 5*f - 10*f + 5. Let y(q) = 6*h(q) - 11*z(q). Determine y(4).
3
Let y(m) = m - 3. Suppose 25*f + 80*f - 210 = 0. What is y(f)?
-1
Suppose 4*n = n. Suppose 0*z + 2*l - 39 = 5*z, -2*l + 4 = n. Let v(s) = s**2 + 6*s - 4. Determine v(z).
3
Let p(g) = 3*g**3 - 8*g**2 - 5*g + 1. Let m(f) = 8*f**3 - 23*f**2 - 14*f + 4. Let i(k) = -4*m(k) + 11*p(k). Give i(-3).
1
Let f(c) = -2*c + 2. Suppose 0 = -9*j + 6*j + 3. Suppose 0 = 3*h - 8 - j. What is f(h)?
-4
Let t(h) = h**3 + 3*h**2 + 57. Let n be t(-5). Suppose 0*c = -3*c. Let p(k) = 11 + k**2 + c*k**2 - 1 - 8*k. Determine p(n).
3
Let t(b) be the third derivative of b**5/60 - 11*b**4/24 + 5*b**3/6 - 45*b**2 + 4*b. Give t(9).
-13
Let l(q) = q + 6. Let k = 104 + -114. Give l(k).
-4
Suppose -3*p = o + 16, 5*o + 3*p - 8*p = 0. Let v(z) = 3*z**2 + 2*z + 1. Determine v(o).
41
Suppose 2*c + 2*v = 22, 4 - 15 = -c + 5*v. Suppose 2*y - 1 + c = 0. Let k(f) = -7*f + 0*f**3 - 35*f**2 + 39*f**2 + f**3. What is k(y)?
10
Let n be 2/(-1)*(39/(-6) - -5). Let v(x) = 137*x**3 - 4 - 278*x**3 + 2*x + 4*x**2 + 140*x**n. Suppose 0*f + 15 = 5*f. Determine v(f).
11
Let c(w) = -w + 5. Suppose 0 = 3*b - 4*v - 8, -12 = -16*b + 12*b + 5*v. Determine c(b).
-3
Suppose n + 0*n - 28 = 4*i, 4*n = 5*i + 46. Let j(u) = 4*u + 15. Give j(i).
-9
Let o(n) = -n**3 + 2*n**2 + 4*n + 1. Let j(i) = i**3 - 7*i**2 + 8*i - 9. Let r be j(6). Determine o(r).
4
Let f(c) = -c**2 - c + 2. Let n be f(-1). Let l(a) = -2*a + a**3 + 6*a**2 + 6 + n*a + 2*a - a**2. Determine l(-5).
-4
Let m(l) = 2*l**3 + 4*l**2 + 4*l + 3. Suppose -2*y - 4*h = 24, -23 = h - 18. Give m(y).
-5
Let w(p) be the third derivative of p**5/60 - 5*p**4/24 - 3*p**3/2 - 235*p**2. What is w(7)?
5
Suppose 0 = -3*o - o + 20. Let t(s) be the second derivative of -s**4/12 + 7*s**3/6 - 5*s**2/2 + 5*s + 1. Calculate t(o).
5
Suppose -3*j = u + 2*j + 23, 4*j = -2*u - 16. Let w be (-6)/(-2 - (-7)/u). Let t be w/(-14) + (-66)/(-14). Let r(m) = m - 9. Give r(t).
-4
Let r be ((-42)/(-210))/(2/(-30)). Let t(z) = -z - 7. Determine t(r).
-4
Let y(u) = 25*u - u**3 - 1 - 13*u**2 + 21*u - 45*u + 8. What is y(-13)?
-6
Let l(w) be the third derivative of -w**6/360 - w**5/60 - 7*w**4/12 + 9*w**2. Let r(g) be the second derivative of l(g). Calculate r(-2).
2
Let t(y) = -y**2 + 2. Let q be t(0). Let z(v) be the second derivative of -v + 0 - 1/12*v**4 - 3/2*v**q + 7/6*v**3. Determine z(6).
3
Let c = 5 - 12. Let f(v) = -9 - 6*v - v**2 + 2 + 4 + 4. Give f(c).
-6
Let c be (4/(-10))/(-3 - 28/(-10)). Let a(f) = -2*f + 3 + 4*f + c*f**2 + 2*f**2 - 8*f + f**3. What is a(-5)?
8
Let u be 57/152 + (-153)/24. Let o(h) = -2*h - 3. What is o(u)?
9
Let s be 3 - ((-3 - (-7 - -4)) + 1). Suppose -4 = -5*l + 21. Let d(z) = z + l + s*z + 0*z. Determine d(-4).
-7
Suppose 0 = -4*k + k + 27. Suppose 3*d - 19 = -2*p, 0 = -0*d - d + 5*p - 22. Let x(a) = 1 + 9*a**2 - k*a**2 - 10*a**3 + 25*a**d - 2*a. Determine x(1).
14
Suppose 8 = -4*x - 3*n - 8, 5*x = -n - 9. Let y(r) be the third derivative of 0*r**4 + 1/6*r**3 + 0*r + 5*r**2 + 1/120*r**6 + 0*r**5 + 0. Give y(x).
0
Let l(v) = v**2 + 4*v - 7. Let u be l(-6). Suppose -4*q = -u*q. Let r(t) = -t - 8. Give r(q).
-8
Let i(g) = 13*g - 28. Let x = 3 + -1. Let c(h) = -4*h + 9. Let m(q) = x*i(q) + 7*c(q). Determine m(5).
-3
Suppose -14*w + 21 = -7. Let s(u) = -2*u**2 + 3*u - 1. Give s(w).
-3
Let r = 186 + -182. Let d(g) = -12*g + 5*g + 6*g. Determine d(r).
-4
Let m(v) be the third derivative of -v**6/720 + v**5/120 - 7*v**4/24 - 3*v**2. Let g(p) be the second derivative of m(p). Determine g(-1).
2
Let i(t) = -2*t + 7. Let h(f) be the first derivative of f**2/2 - 2*f + 4. Let g be h(8). Calculate i(g).
-5
Suppose 0 = -83*b + 80*b + 6. Let r(l) = -l**3 + 2*l - 3. What is r(b)?
-7
Let d(s) be the second derivative of -s**5/20 - 5*s**4/12 + 2*s**3/3 - 7*s**2/2 + 92*s. Give d(-6).
5
Suppose -4*i - 20 = 0, 0*b + 4*b + 5*i + 13 = 0. Let r(w) = b + 3*w - 2*w - 2. Determine r(3).
4
Let b = -1 - -2. Suppose -z + 2 = -b. Let p(n) = 13*n**3 + 17*n**2 + 6*n + 22. Let c(r) = -8*r**3 - 11*r**2 - 4*r - 14. Let q(g) = -8*c(g) - 5*p(g). Give q(z).
8
Suppose -1406*j + 6 = -1400*j. Let q(i) = 17*i + 2. Calculate q(j).
19
Suppose -9*s + 45 + 0 = 0. Let l(w) = -w**2 - 2*w + 6. Calculate l(s).
-29
Suppose 4*i + 4*q = 28, 9 = -i + 3*q - 0. Let y(b) be the third derivative of 0 + 0*b - 2*b**2 - 1/6*b**3 + 1/12*b**4. What is y(i)?
5
Let u(g) = -g**2 - 5*g + 9. Let q be u(-7). Suppose 0 = -2*s + 6 + 2. Let w(r) = 2 + 6 - 3*r**2 - 4 + s*r**2 + 4*r. What is w(q)?
9
Let o(t) = -t**2 - 6*t + 23. Let r be o(-8). Let x(d) = 2*d + 4. Let c(n) = 3*n + 3. Let k(z) = 3*c(z) - 4*x(z). Calculate k(r).
0
Suppose -30*q + 13*q = 102. Let j(b) = b + 11. Determine j(q).
5
Let z(g) = -21*g**3 + 4*g**2 - 3*g - 1. Let j be (-9)/(-4) - 9/36. Let x(n) = -21*n**3 + 3*n**2 - 2*n - 1. Let k(w) = j*z(w) - 3*x(w). Give k(-1).
-21
Let c = -13 + 7. Let t = 6 + c. Suppose -12 = -t*y + 3*y. Let a(q) = q. What is a(y)?
-4
Suppose -2*d = -0*d - 2. Let a(r) = -3*r - 5. Let z(i) = -1. Let n(y) = d*a(y) - 4*z(y). Determine n(-4).
11
Let n(h) be the second derivative of h**5/60 + 7*h**4/24 + h**3/6 - 21*h**2/2 - 26*h. Let b(v) be the first derivative of n(v). Determine b(-6).
-5
Let n = 3 + -7. Let z(v) = -11*v**2 - 1. Let d(t) = -5*t**2 - 1. Let p(k) = n*z(k) + 9*d(k). Let r = 211 + -211. Give p(r).
-5
Let j(y) be the second derivative of 17*y**5/60 - y**3/6 - 15*y**2/2 + 15*y. Let d(g) be the first derivative of j(g). Give d(1).
16
Suppose 3*q - 19 = -7. Let s(d) = q*d - 8*d - 15 + 14. Suppose 2*z + 4*g = 6, 5*g - 4 = 3*z - 2. What is s(z)?
-5
Suppose 5*h + 2 - 22 = 0. Let k be (-5)/(-1) + (-28)/7 + 2. Let i(x) = -6*x - x + h - k. What is i(1)?
-6
Let l(q) = -4*q**3 - q**2 + 3*q - 7. Let o(f) = -5*f**3 - 2*f**2 + 4*f - 8. Let i(k) = -6*l(k) + 5*o(k). Calculate i(-5).
17
Let a be (1/(-1))/(7/42). Let f(b) = -b**2 - 6*b. Let s be f(-4). Let y(o) = 8*o + 8 - s*o + o. Give y(a).
2
Let y(g) = g**2 + 5*g - 3. Let o(a) = a - 9. Let l be 26/10 - 24/(-60). Let d be o(l). Determine y(d).
3
Let z = -18 - -26. Let w(o) be the third derivative of o**5/60 - o**4/3 - o**3/6 + 52*o**2 + 2*o. Calculate w(z).
-1
Let t(b) be the first derivative of b*